{"id":548,"date":"2024-12-27T18:44:59","date_gmt":"2024-12-27T16:44:59","guid":{"rendered":"https:\/\/www.tai-fokstrotas.lt\/?page_id=548"},"modified":"2024-12-27T18:48:12","modified_gmt":"2024-12-27T16:48:12","slug":"jamaica-compliment-kalnarute","status":"publish","type":"page","link":"https:\/\/www.tai-fokstrotas.lt\/index.php\/jamaica-compliment-kalnarute\/","title":{"rendered":"JAMAICA COMPLIMENT KALNAR\u016aT\u0116"},"content":{"rendered":"\n<figure class=\"wp-block-image\"><img loading=\"lazy\" decoding=\"async\" width=\"592\" height=\"495\" src=\"https:\/\/www.tai-fokstrotas.lt\/wp-content\/uploads\/2019\/12\/Jamaica-Compliment-Kalnarute6.jpg\" alt=\"\" class=\"wp-image-179\" srcset=\"https:\/\/www.tai-fokstrotas.lt\/wp-content\/uploads\/2019\/12\/Jamaica-Compliment-Kalnarute6.jpg 592w, https:\/\/www.tai-fokstrotas.lt\/wp-content\/uploads\/2019\/12\/Jamaica-Compliment-Kalnarute6-300x251.jpg 300w\" sizes=\"auto, (max-width: 592px) 100vw, 592px\" \/><\/figure>\n\n\n\n<p><\/p>\n\n\n\n<p><strong>Australian Shepherd ( \u2640&nbsp;&#8211; female), D.O.B 18.03.2015<\/strong><\/p>\n\n\n\n<p><strong>Austral\u0173 aviganis (&nbsp;\u2640&nbsp;&#8211; kal\u0117), gimusi 2015.03.18.&nbsp;<\/strong><br><strong>Registracijos Nr. L\u0160VK AS 0188\/15<br><\/strong><\/p>\n\n\n\n<p>Black tricolour, NBT (Natural Bobtail), full dentition.<br><br><strong>HD- A, ED- 0, eyes clear.&nbsp;<\/strong><\/p>\n\n\n\n<p><strong>prcd-PRA; HSF, CEA, DM- clear, MDR1 +\/+<br>DNA profile ( ISAG)&nbsp;<br><br>5 x &#8222;Labai perspektyvi&#8221;(&#8222;Very promising&#8221;)<\/strong><br><strong>2 x &#8222;Geriausias ma\u017eylis&#8221;&nbsp; (&#8222;Best puppy&#8221;)<br>&nbsp;LT JN (&#8222;Kandidatas \u012f LT jaunimo \u010dempionus)<br>CAC ( &#8222;Kandidatas \u012f LT \u010dempionus&#8221;)<br><br><br>Var\u017eybos<br><br>2016-09-03 &#8222;Pitch&amp;Go!&#8221;&nbsp;<br>2016-10-01 Rally Obedience (RO-0)- 134 balai<br>2016-10-01 Rally Obedience (RO-0)- 129 balai<br>2016-10-08 &#8222;Rio sprintas&#8221;&nbsp;<br><\/strong><\/p>\n\n\n<p><!--StartFragment--><\/p>\n\n\n<h6 class=\"wp-block-heading\">&nbsp;Jamaica&#8217;s offspring:<\/h6>\n\n\n\n<p>Litter &#8222;T&#8221; (2017-03-15)<br>Litter &#8222;V&#8221; (2018-06-14)<br>Litter &#8222;Y&#8221; (2019-09-05)<br>Litter &#8222;CH&#8221; (2021-05-21)<br><\/p>\n\n\n\n<p><strong><br><\/strong><\/p>\n\n\n\n<p><strong><br><\/strong><\/p>\n\n\n<p>\n\n<p>","protected":false},"excerpt":{"rendered":"<p>Australian Shepherd ( \u2640&nbsp;&#8211; female), D.O.B 18.03.2015 Austral\u0173 aviganis (&nbsp;\u2640&nbsp;&#8211; kal\u0117), gimusi 2015.03.18.&nbsp;Registracijos Nr. L\u0160VK AS 0188\/15 Black tricolour, NBT (Natural Bobtail), full dentition. HD- A, ED- 0, eyes clear.&nbsp; prcd-PRA; HSF, CEA, DM- clear, MDR1 +\/+DNA profile ( ISAG)&nbsp; 5 x &#8222;Labai perspektyvi&#8221;(&#8222;Very promising&#8221;)2 x &#8222;Geriausias ma\u017eylis&#8221;&nbsp; (&#8222;Best puppy&#8221;)&nbsp;LT JN (&#8222;Kandidatas \u012f LT jaunimo &hellip; <\/p>\n<p class=\"link-more\"><a href=\"https:\/\/www.tai-fokstrotas.lt\/index.php\/jamaica-compliment-kalnarute\/\" class=\"more-link\">Toliau skaityti<span class=\"screen-reader-text\"> &#8222;JAMAICA COMPLIMENT KALNAR\u016aT\u0116&#8221;<\/span><\/a><\/p>\n","protected":false},"author":1,"featured_media":0,"parent":0,"menu_order":0,"comment_status":"closed","ping_status":"closed","template":"","meta":{"footnotes":""},"class_list":["post-548","page","type-page","status-publish","hentry"],"yoast_head":"<!-- This site is optimized with the Yoast SEO plugin v27.5 - https:\/\/yoast.com\/product\/yoast-seo-wordpress\/ -->\n<title>JAMAICA COMPLIMENT KALNAR\u016aT\u0116 - Tai Fokstrotas<\/title>\n<meta name=\"robots\" content=\"index, follow, max-snippet:-1, max-image-preview:large, max-video-preview:-1\" \/>\n<link rel=\"canonical\" href=\"https:\/\/www.tai-fokstrotas.lt\/index.php\/jamaica-compliment-kalnarute\/\" \/>\n<meta property=\"og:locale\" content=\"lt_LT\" \/>\n<meta property=\"og:type\" content=\"article\" \/>\n<meta property=\"og:title\" content=\"JAMAICA COMPLIMENT KALNAR\u016aT\u0116 - Tai Fokstrotas\" \/>\n<meta property=\"og:description\" content=\"Australian Shepherd ( \u2640&nbsp;&#8211; female), D.O.B 18.03.2015 Austral\u0173 aviganis (&nbsp;\u2640&nbsp;&#8211; kal\u0117), gimusi 2015.03.18.&nbsp;Registracijos Nr. L\u0160VK AS 0188\/15 Black tricolour, NBT (Natural Bobtail), full dentition. HD- A, ED- 0, eyes clear.&nbsp; prcd-PRA; HSF, CEA, DM- clear, MDR1 +\/+DNA profile ( ISAG)&nbsp; 5 x &#8222;Labai perspektyvi&#8221;(&#8222;Very promising&#8221;)2 x &#8222;Geriausias ma\u017eylis&#8221;&nbsp; (&#8222;Best puppy&#8221;)&nbsp;LT JN (&#8222;Kandidatas \u012f LT jaunimo &hellip; Toliau skaityti &quot;JAMAICA COMPLIMENT KALNAR\u016aT\u0116&quot;\" \/>\n<meta property=\"og:url\" content=\"https:\/\/www.tai-fokstrotas.lt\/index.php\/jamaica-compliment-kalnarute\/\" \/>\n<meta property=\"og:site_name\" content=\"Tai Fokstrotas\" \/>\n<meta property=\"article:modified_time\" content=\"2024-12-27T16:48:12+00:00\" \/>\n<meta property=\"og:image\" content=\"https:\/\/www.tai-fokstrotas.lt\/wp-content\/uploads\/2019\/12\/Jamaica-Compliment-Kalnarute6.jpg\" \/>\n\t<meta property=\"og:image:width\" content=\"592\" \/>\n\t<meta property=\"og:image:height\" content=\"495\" \/>\n\t<meta property=\"og:image:type\" content=\"image\/jpeg\" \/>\n<meta name=\"twitter:card\" content=\"summary_large_image\" \/>\n<meta name=\"twitter:label1\" content=\"Est. reading time\" \/>\n\t<meta name=\"twitter:data1\" content=\"1 minut\u0117\" \/>\n<script type=\"application\/ld+json\" class=\"yoast-schema-graph\">{\"@context\":\"https:\\\/\\\/schema.org\",\"@graph\":[{\"@type\":\"WebPage\",\"@id\":\"https:\\\/\\\/www.tai-fokstrotas.lt\\\/index.php\\\/jamaica-compliment-kalnarute\\\/\",\"url\":\"https:\\\/\\\/www.tai-fokstrotas.lt\\\/index.php\\\/jamaica-compliment-kalnarute\\\/\",\"name\":\"JAMAICA COMPLIMENT KALNAR\u016aT\u0116 - Tai Fokstrotas\",\"isPartOf\":{\"@id\":\"https:\\\/\\\/www.tai-fokstrotas.lt\\\/#website\"},\"primaryImageOfPage\":{\"@id\":\"https:\\\/\\\/www.tai-fokstrotas.lt\\\/index.php\\\/jamaica-compliment-kalnarute\\\/#primaryimage\"},\"image\":{\"@id\":\"https:\\\/\\\/www.tai-fokstrotas.lt\\\/index.php\\\/jamaica-compliment-kalnarute\\\/#primaryimage\"},\"thumbnailUrl\":\"https:\\\/\\\/www.tai-fokstrotas.lt\\\/wp-content\\\/uploads\\\/2019\\\/12\\\/Jamaica-Compliment-Kalnarute6.jpg\",\"datePublished\":\"2024-12-27T16:44:59+00:00\",\"dateModified\":\"2024-12-27T16:48:12+00:00\",\"breadcrumb\":{\"@id\":\"https:\\\/\\\/www.tai-fokstrotas.lt\\\/index.php\\\/jamaica-compliment-kalnarute\\\/#breadcrumb\"},\"inLanguage\":\"lt-LT\",\"potentialAction\":[{\"@type\":\"ReadAction\",\"target\":[\"https:\\\/\\\/www.tai-fokstrotas.lt\\\/index.php\\\/jamaica-compliment-kalnarute\\\/\"]}]},{\"@type\":\"ImageObject\",\"inLanguage\":\"lt-LT\",\"@id\":\"https:\\\/\\\/www.tai-fokstrotas.lt\\\/index.php\\\/jamaica-compliment-kalnarute\\\/#primaryimage\",\"url\":\"https:\\\/\\\/www.tai-fokstrotas.lt\\\/wp-content\\\/uploads\\\/2019\\\/12\\\/Jamaica-Compliment-Kalnarute6.jpg\",\"contentUrl\":\"https:\\\/\\\/www.tai-fokstrotas.lt\\\/wp-content\\\/uploads\\\/2019\\\/12\\\/Jamaica-Compliment-Kalnarute6.jpg\",\"width\":592,\"height\":495},{\"@type\":\"BreadcrumbList\",\"@id\":\"https:\\\/\\\/www.tai-fokstrotas.lt\\\/index.php\\\/jamaica-compliment-kalnarute\\\/#breadcrumb\",\"itemListElement\":[{\"@type\":\"ListItem\",\"position\":1,\"name\":\"Home\",\"item\":\"https:\\\/\\\/www.tai-fokstrotas.lt\\\/\"},{\"@type\":\"ListItem\",\"position\":2,\"name\":\"JAMAICA COMPLIMENT KALNAR\u016aT\u0116\"}]},{\"@type\":\"WebSite\",\"@id\":\"https:\\\/\\\/www.tai-fokstrotas.lt\\\/#website\",\"url\":\"https:\\\/\\\/www.tai-fokstrotas.lt\\\/\",\"name\":\"Tai Fokstrotas\",\"description\":\"Rottweilers &amp; Fox Terriers Smooth &amp; Australian Shepherds Kennel\",\"potentialAction\":[{\"@type\":\"SearchAction\",\"target\":{\"@type\":\"EntryPoint\",\"urlTemplate\":\"https:\\\/\\\/www.tai-fokstrotas.lt\\\/?s={search_term_string}\"},\"query-input\":{\"@type\":\"PropertyValueSpecification\",\"valueRequired\":true,\"valueName\":\"search_term_string\"}}],\"inLanguage\":\"lt-LT\"}]}<\/script>\n<!-- \/ Yoast SEO plugin. -->","yoast_head_json":{"title":"JAMAICA COMPLIMENT KALNAR\u016aT\u0116 - Tai Fokstrotas","robots":{"index":"index","follow":"follow","max-snippet":"max-snippet:-1","max-image-preview":"max-image-preview:large","max-video-preview":"max-video-preview:-1"},"canonical":"https:\/\/www.tai-fokstrotas.lt\/index.php\/jamaica-compliment-kalnarute\/","og_locale":"lt_LT","og_type":"article","og_title":"JAMAICA COMPLIMENT KALNAR\u016aT\u0116 - Tai Fokstrotas","og_description":"Australian Shepherd ( \u2640&nbsp;&#8211; female), D.O.B 18.03.2015 Austral\u0173 aviganis (&nbsp;\u2640&nbsp;&#8211; kal\u0117), gimusi 2015.03.18.&nbsp;Registracijos Nr. L\u0160VK AS 0188\/15 Black tricolour, NBT (Natural Bobtail), full dentition. HD- A, ED- 0, eyes clear.&nbsp; prcd-PRA; HSF, CEA, DM- clear, MDR1 +\/+DNA profile ( ISAG)&nbsp; 5 x &#8222;Labai perspektyvi&#8221;(&#8222;Very promising&#8221;)2 x &#8222;Geriausias ma\u017eylis&#8221;&nbsp; (&#8222;Best puppy&#8221;)&nbsp;LT JN (&#8222;Kandidatas \u012f LT jaunimo &hellip; Toliau skaityti \"JAMAICA COMPLIMENT KALNAR\u016aT\u0116\"","og_url":"https:\/\/www.tai-fokstrotas.lt\/index.php\/jamaica-compliment-kalnarute\/","og_site_name":"Tai Fokstrotas","article_modified_time":"2024-12-27T16:48:12+00:00","og_image":[{"width":592,"height":495,"url":"https:\/\/www.tai-fokstrotas.lt\/wp-content\/uploads\/2019\/12\/Jamaica-Compliment-Kalnarute6.jpg","type":"image\/jpeg"}],"twitter_card":"summary_large_image","twitter_misc":{"Est. reading time":"1 minut\u0117"},"schema":{"@context":"https:\/\/schema.org","@graph":[{"@type":"WebPage","@id":"https:\/\/www.tai-fokstrotas.lt\/index.php\/jamaica-compliment-kalnarute\/","url":"https:\/\/www.tai-fokstrotas.lt\/index.php\/jamaica-compliment-kalnarute\/","name":"JAMAICA COMPLIMENT KALNAR\u016aT\u0116 - Tai Fokstrotas","isPartOf":{"@id":"https:\/\/www.tai-fokstrotas.lt\/#website"},"primaryImageOfPage":{"@id":"https:\/\/www.tai-fokstrotas.lt\/index.php\/jamaica-compliment-kalnarute\/#primaryimage"},"image":{"@id":"https:\/\/www.tai-fokstrotas.lt\/index.php\/jamaica-compliment-kalnarute\/#primaryimage"},"thumbnailUrl":"https:\/\/www.tai-fokstrotas.lt\/wp-content\/uploads\/2019\/12\/Jamaica-Compliment-Kalnarute6.jpg","datePublished":"2024-12-27T16:44:59+00:00","dateModified":"2024-12-27T16:48:12+00:00","breadcrumb":{"@id":"https:\/\/www.tai-fokstrotas.lt\/index.php\/jamaica-compliment-kalnarute\/#breadcrumb"},"inLanguage":"lt-LT","potentialAction":[{"@type":"ReadAction","target":["https:\/\/www.tai-fokstrotas.lt\/index.php\/jamaica-compliment-kalnarute\/"]}]},{"@type":"ImageObject","inLanguage":"lt-LT","@id":"https:\/\/www.tai-fokstrotas.lt\/index.php\/jamaica-compliment-kalnarute\/#primaryimage","url":"https:\/\/www.tai-fokstrotas.lt\/wp-content\/uploads\/2019\/12\/Jamaica-Compliment-Kalnarute6.jpg","contentUrl":"https:\/\/www.tai-fokstrotas.lt\/wp-content\/uploads\/2019\/12\/Jamaica-Compliment-Kalnarute6.jpg","width":592,"height":495},{"@type":"BreadcrumbList","@id":"https:\/\/www.tai-fokstrotas.lt\/index.php\/jamaica-compliment-kalnarute\/#breadcrumb","itemListElement":[{"@type":"ListItem","position":1,"name":"Home","item":"https:\/\/www.tai-fokstrotas.lt\/"},{"@type":"ListItem","position":2,"name":"JAMAICA COMPLIMENT KALNAR\u016aT\u0116"}]},{"@type":"WebSite","@id":"https:\/\/www.tai-fokstrotas.lt\/#website","url":"https:\/\/www.tai-fokstrotas.lt\/","name":"Tai Fokstrotas","description":"Rottweilers &amp; Fox Terriers Smooth &amp; Australian Shepherds Kennel","potentialAction":[{"@type":"SearchAction","target":{"@type":"EntryPoint","urlTemplate":"https:\/\/www.tai-fokstrotas.lt\/?s={search_term_string}"},"query-input":{"@type":"PropertyValueSpecification","valueRequired":true,"valueName":"search_term_string"}}],"inLanguage":"lt-LT"}]}},"_links":{"self":[{"href":"https:\/\/www.tai-fokstrotas.lt\/index.php\/wp-json\/wp\/v2\/pages\/548","targetHints":{"allow":["GET"]}}],"collection":[{"href":"https:\/\/www.tai-fokstrotas.lt\/index.php\/wp-json\/wp\/v2\/pages"}],"about":[{"href":"https:\/\/www.tai-fokstrotas.lt\/index.php\/wp-json\/wp\/v2\/types\/page"}],"author":[{"embeddable":true,"href":"https:\/\/www.tai-fokstrotas.lt\/index.php\/wp-json\/wp\/v2\/users\/1"}],"replies":[{"embeddable":true,"href":"https:\/\/www.tai-fokstrotas.lt\/index.php\/wp-json\/wp\/v2\/comments?post=548"}],"version-history":[{"count":2,"href":"https:\/\/www.tai-fokstrotas.lt\/index.php\/wp-json\/wp\/v2\/pages\/548\/revisions"}],"predecessor-version":[{"id":552,"href":"https:\/\/www.tai-fokstrotas.lt\/index.php\/wp-json\/wp\/v2\/pages\/548\/revisions\/552"}],"wp:attachment":[{"href":"https:\/\/www.tai-fokstrotas.lt\/index.php\/wp-json\/wp\/v2\/media?parent=548"}],"curies":[{"name":"wp","href":"https:\/\/api.w.org\/{rel}","templated":true}]}}